{"id":1077,"date":"2013-08-09T19:15:12","date_gmt":"2013-08-09T17:15:12","guid":{"rendered":"http:\/\/www.ramses.de\/?page_id=1077"},"modified":"2014-07-01T06:28:45","modified_gmt":"2014-07-01T04:28:45","slug":"factory-consultants-gmbh-lean-office","status":"publish","type":"page","link":"https:\/\/www.ramses.de\/?page_id=1077","title":{"rendered":"Factory Consultants GmbH &#8211; Lean Office"},"content":{"rendered":"<h1>Ein Planspiel zur B\u00fcroorganisation<\/h1>\n<p>war in diesem Fall unsere Aufgabe. Ziel ist die Schulung und Ausbildung der Mitarbeiter in Firmen der produzierenden Gewerbe, die im Office Bereich t\u00e4tig sind.<\/p>\n<ul>\n<li>Erfassung und Verwaltung der Kunden und Auftragsdaten<\/li>\n<li>Verwaltung von Fertigprodukten, Bauteilen und Baugruppen<\/li>\n<li>Bearbeitung von Spielrunden und Semiardaten<\/li>\n<li>Berechnung diverser Kennzahlen wie Durchaufzeiten, First Pass Yield, Servicegrad uvm.<\/li>\n<li>Anzeige der Fertigungsdaten im ANDON Board<\/li>\n<li>Scan von fertiggemeldeten Auftr\u00e4gen<\/li>\n<li>Produkt Konfigurator<\/li>\n<li>Auswertungen und Statistiken<\/li>\n<\/ul>\n<p>F\u00fcr den Einsatz im internationalen Gesch\u00e4ft haben wir die Oberfl\u00e4che des Planspieles sowohl in Deutsch als auch in Englisch erstellt.<\/p>\n<p><a href=\"https:\/\/www.ramses.de\/wp-content\/uploads\/Office01.jpg\"><img loading=\"lazy\" decoding=\"async\" class=\"alignnone size-medium wp-image-2479\" src=\"https:\/\/www.ramses.de\/wp-content\/uploads\/Office01-300x212.jpg\" alt=\"Office01\" width=\"300\" height=\"212\" srcset=\"https:\/\/www.ramses.de\/wp-content\/uploads\/Office01-300x212.jpg 300w, https:\/\/www.ramses.de\/wp-content\/uploads\/Office01-1024x726.jpg 1024w, https:\/\/www.ramses.de\/wp-content\/uploads\/Office01.jpg 1399w\" sizes=\"auto, (max-width: 300px) 100vw, 300px\" \/><\/a><\/p>\n<p><a href=\"https:\/\/www.ramses.de\/wp-content\/uploads\/leanoffice21.jpg\"><img loading=\"lazy\" decoding=\"async\" class=\"alignnone size-medium wp-image-1079\" src=\"https:\/\/www.ramses.de\/wp-content\/uploads\/leanoffice21-300x163.jpg\" alt=\"leanoffice2\" width=\"300\" height=\"163\" srcset=\"https:\/\/www.ramses.de\/wp-content\/uploads\/leanoffice21-300x163.jpg 300w, https:\/\/www.ramses.de\/wp-content\/uploads\/leanoffice21-1024x558.jpg 1024w, https:\/\/www.ramses.de\/wp-content\/uploads\/leanoffice21.jpg 1280w\" sizes=\"auto, (max-width: 300px) 100vw, 300px\" \/><\/a><\/p>\n<p><a href=\"https:\/\/www.ramses.de\/wp-content\/uploads\/leanoffice31.jpg\"><img loading=\"lazy\" decoding=\"async\" class=\"alignnone size-medium wp-image-1080\" src=\"https:\/\/www.ramses.de\/wp-content\/uploads\/leanoffice31-300x161.jpg\" alt=\"leanoffice3\" width=\"300\" height=\"161\" srcset=\"https:\/\/www.ramses.de\/wp-content\/uploads\/leanoffice31-300x161.jpg 300w, https:\/\/www.ramses.de\/wp-content\/uploads\/leanoffice31-1024x552.jpg 1024w, https:\/\/www.ramses.de\/wp-content\/uploads\/leanoffice31-683x364.jpg 683w, https:\/\/www.ramses.de\/wp-content\/uploads\/leanoffice31.jpg 1342w\" sizes=\"auto, (max-width: 300px) 100vw, 300px\" \/><\/a><\/p>\n<p><a href=\"https:\/\/www.ramses.de\/wp-content\/uploads\/leanoffice41.jpg\"><img loading=\"lazy\" decoding=\"async\" class=\"alignnone size-medium wp-image-1081\" src=\"https:\/\/www.ramses.de\/wp-content\/uploads\/leanoffice41-300x196.jpg\" alt=\"leanoffice4\" width=\"300\" height=\"196\" srcset=\"https:\/\/www.ramses.de\/wp-content\/uploads\/leanoffice41-300x196.jpg 300w, https:\/\/www.ramses.de\/wp-content\/uploads\/leanoffice41-1024x672.jpg 1024w, https:\/\/www.ramses.de\/wp-content\/uploads\/leanoffice41.jpg 1441w\" sizes=\"auto, (max-width: 300px) 100vw, 300px\" \/><\/a><\/p>\n","protected":false},"excerpt":{"rendered":"<p>Ein Planspiel zur B\u00fcroorganisation war in diesem Fall unsere Aufgabe. Ziel ist die Schulung und Ausbildung der Mitarbeiter in Firmen der produzierenden Gewerbe, die im &#8230; <a title=\"Factory Consultants GmbH &#8211; Lean Office\" class=\"read-more\" href=\"https:\/\/www.ramses.de\/?page_id=1077\" aria-label=\"Mehr Informationen \u00fcber Factory Consultants GmbH &#8211; Lean Office\">Weiterlesen &#8230;<\/a><\/p>\n","protected":false},"author":1,"featured_media":2479,"parent":1046,"menu_order":0,"comment_status":"closed","ping_status":"closed","template":"template-full-width.php","meta":{"footnotes":""},"class_list":{"0":"post-1077","1":"page","2":"type-page","3":"status-publish","4":"has-post-thumbnail","6":"resize-featured-image"},"_links":{"self":[{"href":"https:\/\/www.ramses.de\/index.php?rest_route=\/wp\/v2\/pages\/1077","targetHints":{"allow":["GET"]}}],"collection":[{"href":"https:\/\/www.ramses.de\/index.php?rest_route=\/wp\/v2\/pages"}],"about":[{"href":"https:\/\/www.ramses.de\/index.php?rest_route=\/wp\/v2\/types\/page"}],"author":[{"embeddable":true,"href":"https:\/\/www.ramses.de\/index.php?rest_route=\/wp\/v2\/users\/1"}],"replies":[{"embeddable":true,"href":"https:\/\/www.ramses.de\/index.php?rest_route=%2Fwp%2Fv2%2Fcomments&post=1077"}],"version-history":[{"count":2,"href":"https:\/\/www.ramses.de\/index.php?rest_route=\/wp\/v2\/pages\/1077\/revisions"}],"predecessor-version":[{"id":2480,"href":"https:\/\/www.ramses.de\/index.php?rest_route=\/wp\/v2\/pages\/1077\/revisions\/2480"}],"up":[{"embeddable":true,"href":"https:\/\/www.ramses.de\/index.php?rest_route=\/wp\/v2\/pages\/1046"}],"wp:featuredmedia":[{"embeddable":true,"href":"https:\/\/www.ramses.de\/index.php?rest_route=\/wp\/v2\/media\/2479"}],"wp:attachment":[{"href":"https:\/\/www.ramses.de\/index.php?rest_route=%2Fwp%2Fv2%2Fmedia&parent=1077"}],"curies":[{"name":"wp","href":"https:\/\/api.w.org\/{rel}","templated":true}]}}