{"id":1130,"date":"2013-08-10T15:07:37","date_gmt":"2013-08-10T13:07:37","guid":{"rendered":"http:\/\/www.ramses.de\/?page_id=1130"},"modified":"2013-08-10T15:07:37","modified_gmt":"2013-08-10T13:07:37","slug":"outlook-aufbau","status":"publish","type":"page","link":"https:\/\/www.ramses.de\/?page_id=1130","title":{"rendered":"Outlook Aufbau"},"content":{"rendered":"<h3>Zielgruppe<\/h3>\n<p>Alle Benutzer, die die weiteren Funktionen des Outlook wie z.B. die Teamfunktionen nutzen wollen.<br \/>\nZu dieser Zielgruppe geh\u00f6ren u.a. die F\u00fchrungskr\u00e4fte sowie die Mitglieder von Arbeits- und Projektgruppen.<\/p>\n<h3>Kursziele<\/h3>\n<p>Die TeilnehmerInnen sollen nach dem Kurs die Arbeit in Gruppen organisieren k\u00f6nnen.<\/p>\n<h3>Kursinhalte<\/h3>\n<ul>\n<li>Stellvertretungsrechte, Pers\u00f6nliche und Funktionsordner<\/li>\n<li>Die Nutzung von Kategorien<\/li>\n<li>Anpassung des Posteingang ( Gliederung und Filterung )<\/li>\n<li>Verlaufkontrolle<\/li>\n<li>Einrichten eines pers\u00f6nlichen Ordners zur Nachrichtenarchivierung<\/li>\n<li>Stellvertretungsrechte<\/li>\n<li>Freigabe der Daten zwecks Einblick in die Informationen der MitarbeiterInnen<\/li>\n<li>Besprechungsanfragen<\/li>\n<li>Gruppenzeitpl\u00e4ne<\/li>\n<li>Eingeben, Verwalten und Delegieren von Aufgaben<\/li>\n<li>Verkn\u00fcpfung der Outlook Elemente<\/li>\n<li>Erweiterte Bearbeitung der Kontakte<\/li>\n<\/ul>\n<h3>Voraussetzungen<\/h3>\n<p>Mindestvoraussetzung ist der Outlook Grundkurs.<\/p>\n<h3>Dauer<\/h3>\n<p>Das Kurskonzept sieht eine Dauer von 1 Tag voraus.<\/p>\n","protected":false},"excerpt":{"rendered":"<p>Zielgruppe Alle Benutzer, die die weiteren Funktionen des Outlook wie z.B. die Teamfunktionen nutzen wollen. Zu dieser Zielgruppe geh\u00f6ren u.a. die F\u00fchrungskr\u00e4fte sowie die Mitglieder &#8230; <a title=\"Outlook Aufbau\" class=\"read-more\" href=\"https:\/\/www.ramses.de\/?page_id=1130\" aria-label=\"Mehr Informationen \u00fcber Outlook Aufbau\">Weiterlesen &#8230;<\/a><\/p>\n","protected":false},"author":1,"featured_media":0,"parent":687,"menu_order":0,"comment_status":"closed","ping_status":"closed","template":"","meta":{"footnotes":""},"class_list":["post-1130","page","type-page","status-publish"],"_links":{"self":[{"href":"https:\/\/www.ramses.de\/index.php?rest_route=\/wp\/v2\/pages\/1130","targetHints":{"allow":["GET"]}}],"collection":[{"href":"https:\/\/www.ramses.de\/index.php?rest_route=\/wp\/v2\/pages"}],"about":[{"href":"https:\/\/www.ramses.de\/index.php?rest_route=\/wp\/v2\/types\/page"}],"author":[{"embeddable":true,"href":"https:\/\/www.ramses.de\/index.php?rest_route=\/wp\/v2\/users\/1"}],"replies":[{"embeddable":true,"href":"https:\/\/www.ramses.de\/index.php?rest_route=%2Fwp%2Fv2%2Fcomments&post=1130"}],"version-history":[{"count":1,"href":"https:\/\/www.ramses.de\/index.php?rest_route=\/wp\/v2\/pages\/1130\/revisions"}],"predecessor-version":[{"id":1131,"href":"https:\/\/www.ramses.de\/index.php?rest_route=\/wp\/v2\/pages\/1130\/revisions\/1131"}],"up":[{"embeddable":true,"href":"https:\/\/www.ramses.de\/index.php?rest_route=\/wp\/v2\/pages\/687"}],"wp:attachment":[{"href":"https:\/\/www.ramses.de\/index.php?rest_route=%2Fwp%2Fv2%2Fmedia&parent=1130"}],"curies":[{"name":"wp","href":"https:\/\/api.w.org\/{rel}","templated":true}]}}