{"id":1346,"date":"2013-08-23T10:27:28","date_gmt":"2013-08-23T08:27:28","guid":{"rendered":"http:\/\/www.ramses.de\/?page_id=1346"},"modified":"2013-08-23T10:27:28","modified_gmt":"2013-08-23T08:27:28","slug":"mvs-banusch-gmbh-event-management","status":"publish","type":"page","link":"https:\/\/www.ramses.de\/?page_id=1346","title":{"rendered":"MVS Banusch GmbH &#8211; Event Management"},"content":{"rendered":"<h1>Veranstaltungs- und Messeplanung<\/h1>\n<p>Eine der erfolgreichsten Firmen im Bereich der Messe- und Veranstaltungsdienstleister befa\u00dft sich mit Messen und Veranstaltungen. Events f\u00fcr mehrere tausend G\u00e4ste sind ebenso wie die konzeptionelle Vorbereitung von Promotion, Aktionen und Verkaufsf\u00f6rderungen Teil des Dienstleistungsspektrums.<\/p>\n<p>Das in enger Zusammenarbeit entwickelte Event Management System deckt den kompletten Ablauf eines Events ab. Von der Angebotserstellung, der Auswahl der Host \/ -essen \u00fcber das Zusammenstellen der Teams und deren Abrechnung inklusive Weitergabe an DATEV, unserer Event Management System leistet in jeder Phase einen Beitrag zum Gelingen der Veranstaltung.<\/p>\n<ul>\n<li>Verwaltung von Kundendaten inklusive Ansprechpartner, Rahmenvertr\u00e4gen, Erreichbarkeiten und vieles mehr<\/li>\n<li>Organisation der Host- \/ essen Daten mit allen abrechnungsrelevanten Daten<\/li>\n<li>Veranstaltungsmanagement inklusive Teamverwaltung und Hostselektion<\/li>\n<li>Erstellung von Angeboten, Rechnungen und sonstigen Belegen<\/li>\n<li>Ausf\u00fchrliches Berichtswesen<\/li>\n<li>Abrechnung und Schnittstellen zu DATEV<\/li>\n<li>Mailing System<\/li>\n<\/ul>\n<p>Info Management, hier in einem weiteren Beispiel hervorragend gelungen.<br \/>\nDie schnelle und effektive Auswahl und Zusammenstellung von Informationen ist ein elementare Bestandteil der t\u00e4glichen Arbeit der MVS.<\/p>\n","protected":false},"excerpt":{"rendered":"<p>Veranstaltungs- und Messeplanung Eine der erfolgreichsten Firmen im Bereich der Messe- und Veranstaltungsdienstleister befa\u00dft sich mit Messen und Veranstaltungen. Events f\u00fcr mehrere tausend G\u00e4ste sind &#8230; <a title=\"MVS Banusch GmbH &#8211; Event Management\" class=\"read-more\" href=\"https:\/\/www.ramses.de\/?page_id=1346\" aria-label=\"Mehr Informationen \u00fcber MVS Banusch GmbH &#8211; Event Management\">Weiterlesen &#8230;<\/a><\/p>\n","protected":false},"author":1,"featured_media":0,"parent":950,"menu_order":0,"comment_status":"closed","ping_status":"closed","template":"template-full-width.php","meta":{"footnotes":""},"class_list":["post-1346","page","type-page","status-publish"],"_links":{"self":[{"href":"https:\/\/www.ramses.de\/index.php?rest_route=\/wp\/v2\/pages\/1346","targetHints":{"allow":["GET"]}}],"collection":[{"href":"https:\/\/www.ramses.de\/index.php?rest_route=\/wp\/v2\/pages"}],"about":[{"href":"https:\/\/www.ramses.de\/index.php?rest_route=\/wp\/v2\/types\/page"}],"author":[{"embeddable":true,"href":"https:\/\/www.ramses.de\/index.php?rest_route=\/wp\/v2\/users\/1"}],"replies":[{"embeddable":true,"href":"https:\/\/www.ramses.de\/index.php?rest_route=%2Fwp%2Fv2%2Fcomments&post=1346"}],"version-history":[{"count":1,"href":"https:\/\/www.ramses.de\/index.php?rest_route=\/wp\/v2\/pages\/1346\/revisions"}],"predecessor-version":[{"id":1347,"href":"https:\/\/www.ramses.de\/index.php?rest_route=\/wp\/v2\/pages\/1346\/revisions\/1347"}],"up":[{"embeddable":true,"href":"https:\/\/www.ramses.de\/index.php?rest_route=\/wp\/v2\/pages\/950"}],"wp:attachment":[{"href":"https:\/\/www.ramses.de\/index.php?rest_route=%2Fwp%2Fv2%2Fmedia&parent=1346"}],"curies":[{"name":"wp","href":"https:\/\/api.w.org\/{rel}","templated":true}]}}