{"id":1405,"date":"2013-08-25T13:53:17","date_gmt":"2013-08-25T11:53:17","guid":{"rendered":"http:\/\/www.ramses.de\/?page_id=1405"},"modified":"2013-08-25T13:59:40","modified_gmt":"2013-08-25T11:59:40","slug":"referenzen-sonnenwerft-gmbh","status":"publish","type":"page","link":"https:\/\/www.ramses.de\/?page_id=1405","title":{"rendered":"Referenzen &#8211; Sonnenwerft GmbH"},"content":{"rendered":"<h3>Nachhaltige Energie &#8211; Solarkraft<\/h3>\n<p>SunDock ist ein Gesch\u00e4ftsbereich der Sonnenwerft GmbH und international agierender Hersteller von Solarkollektoren. SunDock steht f\u00fcr weltweit schl\u00fcsselfertige Systeme im Bereich der Erneuerbaren Energien. Der Leitgedanke von SunDock ist es, mit hochmodernen Solar-Komponenten und Systeml\u00f6sungen \u201eMade in Germany\u201c nachhaltige Konzepte f\u00fcr eine Energieversorgung zu wirtschaftlich interessanten Konditionen zu liefern.<br \/>\nWir durften eine Datenbank entwickeln, die den kompletten Warenstrom und deren Abrechnung abbildet.<\/p>\n<p>Das Projekt<\/p>\n<ul>\n<li><a title=\"Sonnenwerft GmbH \u2013 Warenwirtschaftssystem\" href=\"https:\/\/www.ramses.de\/?page_id=1411\">Warenwirtschaftssystem<\/a><\/li>\n<\/ul>\n<p>Weitere Informationen finden Sie im Internet <a href=\"http:\/\/www.powersol.de\/\">hier&#8230;..<\/a><\/p>\n<p>&nbsp;<\/p>\n","protected":false},"excerpt":{"rendered":"<p>Nachhaltige Energie &#8211; Solarkraft SunDock ist ein Gesch\u00e4ftsbereich der Sonnenwerft GmbH und international agierender Hersteller von Solarkollektoren. SunDock steht f\u00fcr weltweit schl\u00fcsselfertige Systeme im Bereich &#8230; <a title=\"Referenzen &#8211; Sonnenwerft GmbH\" class=\"read-more\" href=\"https:\/\/www.ramses.de\/?page_id=1405\" aria-label=\"Mehr Informationen \u00fcber Referenzen &#8211; Sonnenwerft GmbH\">Weiterlesen &#8230;<\/a><\/p>\n","protected":false},"author":1,"featured_media":1406,"parent":745,"menu_order":0,"comment_status":"closed","ping_status":"closed","template":"template-full-width.php","meta":{"footnotes":""},"class_list":{"0":"post-1405","1":"page","2":"type-page","3":"status-publish","4":"has-post-thumbnail","6":"resize-featured-image"},"_links":{"self":[{"href":"https:\/\/www.ramses.de\/index.php?rest_route=\/wp\/v2\/pages\/1405","targetHints":{"allow":["GET"]}}],"collection":[{"href":"https:\/\/www.ramses.de\/index.php?rest_route=\/wp\/v2\/pages"}],"about":[{"href":"https:\/\/www.ramses.de\/index.php?rest_route=\/wp\/v2\/types\/page"}],"author":[{"embeddable":true,"href":"https:\/\/www.ramses.de\/index.php?rest_route=\/wp\/v2\/users\/1"}],"replies":[{"embeddable":true,"href":"https:\/\/www.ramses.de\/index.php?rest_route=%2Fwp%2Fv2%2Fcomments&post=1405"}],"version-history":[{"count":2,"href":"https:\/\/www.ramses.de\/index.php?rest_route=\/wp\/v2\/pages\/1405\/revisions"}],"predecessor-version":[{"id":1419,"href":"https:\/\/www.ramses.de\/index.php?rest_route=\/wp\/v2\/pages\/1405\/revisions\/1419"}],"up":[{"embeddable":true,"href":"https:\/\/www.ramses.de\/index.php?rest_route=\/wp\/v2\/pages\/745"}],"wp:featuredmedia":[{"embeddable":true,"href":"https:\/\/www.ramses.de\/index.php?rest_route=\/wp\/v2\/media\/1406"}],"wp:attachment":[{"href":"https:\/\/www.ramses.de\/index.php?rest_route=%2Fwp%2Fv2%2Fmedia&parent=1405"}],"curies":[{"name":"wp","href":"https:\/\/api.w.org\/{rel}","templated":true}]}}