{"id":1671,"date":"2013-09-05T17:57:09","date_gmt":"2013-09-05T15:57:09","guid":{"rendered":"http:\/\/www.ramses.de\/?page_id=1671"},"modified":"2014-10-21T14:33:27","modified_gmt":"2014-10-21T12:33:27","slug":"referenzen-landeshauptstadt-hannover-oe66","status":"publish","type":"page","link":"https:\/\/www.ramses.de\/?page_id=1671","title":{"rendered":"Referenzen &#8211; Landeshauptstadt Hannover OE66"},"content":{"rendered":"<h1>Der Fachbereich Tiefbau<\/h1>\n<p>Die OE 66 Die Aufgaben des Tiefbauamtes sind weit gef\u00e4chert. Der Erhalt der Verkehrswege in der Stadt Hannover ist nur eine Aufgabe des Fachbereiches. Bei der Koordination der verschiedenen baulichen Ma\u00dfnahmen der Landeshauptstadt konnten wir mit unserer Datenbank eine Unterst\u00fctzung f\u00fcr die Damen und Herren liefern.<\/p>\n<h3>Das Projekt<\/h3>\n<ul>\n<li><a title=\"Fachbereich Tiefbau \u2013 Rotlichtanlagen\" href=\"https:\/\/www.ramses.de\/?page_id=2864\">Rotlichtmessungen<\/a><\/li>\n<li><a title=\"Fachbereich Tiefbau \u2013 Koordinierung\" href=\"https:\/\/www.ramses.de\/?page_id=2269\">Koordinierung von Bauma\u00dfnahmen<\/a><\/li>\n<\/ul>\n<p>Sie suchen auch nach Software f\u00fcr den kommunalen Einsatz? Dann senden Sie uns eine Mail&#8230;..<\/p>\n","protected":false},"excerpt":{"rendered":"<p>Der Fachbereich Tiefbau Die OE 66 Die Aufgaben des Tiefbauamtes sind weit gef\u00e4chert. Der Erhalt der Verkehrswege in der Stadt Hannover ist nur eine Aufgabe &#8230; <a title=\"Referenzen &#8211; Landeshauptstadt Hannover OE66\" class=\"read-more\" href=\"https:\/\/www.ramses.de\/?page_id=1671\" aria-label=\"Mehr Informationen \u00fcber Referenzen &#8211; Landeshauptstadt Hannover OE66\">Weiterlesen &#8230;<\/a><\/p>\n","protected":false},"author":1,"featured_media":0,"parent":749,"menu_order":0,"comment_status":"closed","ping_status":"closed","template":"template-full-width.php","meta":{"footnotes":""},"class_list":["post-1671","page","type-page","status-publish"],"_links":{"self":[{"href":"https:\/\/www.ramses.de\/index.php?rest_route=\/wp\/v2\/pages\/1671","targetHints":{"allow":["GET"]}}],"collection":[{"href":"https:\/\/www.ramses.de\/index.php?rest_route=\/wp\/v2\/pages"}],"about":[{"href":"https:\/\/www.ramses.de\/index.php?rest_route=\/wp\/v2\/types\/page"}],"author":[{"embeddable":true,"href":"https:\/\/www.ramses.de\/index.php?rest_route=\/wp\/v2\/users\/1"}],"replies":[{"embeddable":true,"href":"https:\/\/www.ramses.de\/index.php?rest_route=%2Fwp%2Fv2%2Fcomments&post=1671"}],"version-history":[{"count":4,"href":"https:\/\/www.ramses.de\/index.php?rest_route=\/wp\/v2\/pages\/1671\/revisions"}],"predecessor-version":[{"id":2872,"href":"https:\/\/www.ramses.de\/index.php?rest_route=\/wp\/v2\/pages\/1671\/revisions\/2872"}],"up":[{"embeddable":true,"href":"https:\/\/www.ramses.de\/index.php?rest_route=\/wp\/v2\/pages\/749"}],"wp:attachment":[{"href":"https:\/\/www.ramses.de\/index.php?rest_route=%2Fwp%2Fv2%2Fmedia&parent=1671"}],"curies":[{"name":"wp","href":"https:\/\/api.w.org\/{rel}","templated":true}]}}