{"id":2470,"date":"2014-06-20T10:03:40","date_gmt":"2014-06-20T08:03:40","guid":{"rendered":"http:\/\/www.ramses.de\/?page_id=2470"},"modified":"2014-06-20T10:03:40","modified_gmt":"2014-06-20T08:03:40","slug":"fachbereich-soziales-belegverwaltung","status":"publish","type":"page","link":"https:\/\/www.ramses.de\/?page_id=2470","title":{"rendered":"Fachbereich Soziales &#8211; Belegverwaltung"},"content":{"rendered":"<h1>Die Verwaltung von Merkzettel und Arbeitsanweisungen<\/h1>\n<p>Im Rahmen der Besch\u00e4ftigung von Langzeitarbeitslosen werden die Damen und Herren in vielen T\u00e4tigkeitsfeldern unterwiesen.<br \/>\nGefahrenbl\u00e4tter, Arbeitsanweisungen sowie Produkthinweise werden in dieser Datenbank verwaltet und als PDF Dokument hintelegt.<\/p>\n<ul>\n<li>Verwaltung von Dokumenten und Dokumentenarten<\/li>\n<li>Definition von Projekten und den damit verbundenen Merkbl\u00e4ttern<\/li>\n<li>Festlegung von T\u00e4tigkeitsfeldern und deren Arbeitsanweisungen<\/li>\n<li>Statistiken und Auswertungen der Daten<\/li>\n<\/ul>\n<p>Ein klassisches Datenbank Problem, das wir hier l\u00f6sen durften.<\/p>\n<p><a href=\"https:\/\/www.ramses.de\/wp-content\/uploads\/Dokument1.jpg\"><img loading=\"lazy\" decoding=\"async\" class=\"alignnone size-medium wp-image-2471\" src=\"https:\/\/www.ramses.de\/wp-content\/uploads\/Dokument1-300x183.jpg\" alt=\"Dokument1\" width=\"300\" height=\"183\" srcset=\"https:\/\/www.ramses.de\/wp-content\/uploads\/Dokument1-300x183.jpg 300w, https:\/\/www.ramses.de\/wp-content\/uploads\/Dokument1-1024x624.jpg 1024w, https:\/\/www.ramses.de\/wp-content\/uploads\/Dokument1.jpg 1627w\" sizes=\"auto, (max-width: 300px) 100vw, 300px\" \/><\/a><\/p>\n<p><a href=\"https:\/\/www.ramses.de\/wp-content\/uploads\/Dokument2.jpg\"><img loading=\"lazy\" decoding=\"async\" class=\"alignnone size-medium wp-image-2472\" src=\"https:\/\/www.ramses.de\/wp-content\/uploads\/Dokument2-300x188.jpg\" alt=\"Dokument2\" width=\"300\" height=\"188\" srcset=\"https:\/\/www.ramses.de\/wp-content\/uploads\/Dokument2-300x188.jpg 300w, https:\/\/www.ramses.de\/wp-content\/uploads\/Dokument2-1024x644.jpg 1024w, https:\/\/www.ramses.de\/wp-content\/uploads\/Dokument2.jpg 1259w\" sizes=\"auto, (max-width: 300px) 100vw, 300px\" \/><\/a><\/p>\n<p><a href=\"https:\/\/www.ramses.de\/wp-content\/uploads\/Dokument3.jpg\"><img loading=\"lazy\" decoding=\"async\" class=\"alignnone size-medium wp-image-2473\" src=\"https:\/\/www.ramses.de\/wp-content\/uploads\/Dokument3-300x181.jpg\" alt=\"Dokument3\" width=\"300\" height=\"181\" srcset=\"https:\/\/www.ramses.de\/wp-content\/uploads\/Dokument3-300x181.jpg 300w, https:\/\/www.ramses.de\/wp-content\/uploads\/Dokument3-1024x620.jpg 1024w, https:\/\/www.ramses.de\/wp-content\/uploads\/Dokument3.jpg 1635w\" sizes=\"auto, (max-width: 300px) 100vw, 300px\" \/><\/a><\/p>\n<p><a href=\"https:\/\/www.ramses.de\/wp-content\/uploads\/Dokument4.jpg\"><img loading=\"lazy\" decoding=\"async\" class=\"alignnone size-medium wp-image-2474\" src=\"https:\/\/www.ramses.de\/wp-content\/uploads\/Dokument4-300x209.jpg\" alt=\"Dokument4\" width=\"300\" height=\"209\" srcset=\"https:\/\/www.ramses.de\/wp-content\/uploads\/Dokument4-300x209.jpg 300w, https:\/\/www.ramses.de\/wp-content\/uploads\/Dokument4-1024x714.jpg 1024w, https:\/\/www.ramses.de\/wp-content\/uploads\/Dokument4.jpg 1421w\" sizes=\"auto, (max-width: 300px) 100vw, 300px\" \/><\/a><\/p>\n","protected":false},"excerpt":{"rendered":"<p>Die Verwaltung von Merkzettel und Arbeitsanweisungen Im Rahmen der Besch\u00e4ftigung von Langzeitarbeitslosen werden die Damen und Herren in vielen T\u00e4tigkeitsfeldern unterwiesen. Gefahrenbl\u00e4tter, Arbeitsanweisungen sowie Produkthinweise &#8230; <a title=\"Fachbereich Soziales &#8211; Belegverwaltung\" class=\"read-more\" href=\"https:\/\/www.ramses.de\/?page_id=2470\" aria-label=\"Mehr Informationen \u00fcber Fachbereich Soziales &#8211; Belegverwaltung\">Weiterlesen &#8230;<\/a><\/p>\n","protected":false},"author":1,"featured_media":2471,"parent":1667,"menu_order":0,"comment_status":"closed","ping_status":"closed","template":"template-full-width.php","meta":{"footnotes":""},"class_list":{"0":"post-2470","1":"page","2":"type-page","3":"status-publish","4":"has-post-thumbnail","6":"resize-featured-image"},"_links":{"self":[{"href":"https:\/\/www.ramses.de\/index.php?rest_route=\/wp\/v2\/pages\/2470","targetHints":{"allow":["GET"]}}],"collection":[{"href":"https:\/\/www.ramses.de\/index.php?rest_route=\/wp\/v2\/pages"}],"about":[{"href":"https:\/\/www.ramses.de\/index.php?rest_route=\/wp\/v2\/types\/page"}],"author":[{"embeddable":true,"href":"https:\/\/www.ramses.de\/index.php?rest_route=\/wp\/v2\/users\/1"}],"replies":[{"embeddable":true,"href":"https:\/\/www.ramses.de\/index.php?rest_route=%2Fwp%2Fv2%2Fcomments&post=2470"}],"version-history":[{"count":1,"href":"https:\/\/www.ramses.de\/index.php?rest_route=\/wp\/v2\/pages\/2470\/revisions"}],"predecessor-version":[{"id":2475,"href":"https:\/\/www.ramses.de\/index.php?rest_route=\/wp\/v2\/pages\/2470\/revisions\/2475"}],"up":[{"embeddable":true,"href":"https:\/\/www.ramses.de\/index.php?rest_route=\/wp\/v2\/pages\/1667"}],"wp:featuredmedia":[{"embeddable":true,"href":"https:\/\/www.ramses.de\/index.php?rest_route=\/wp\/v2\/media\/2471"}],"wp:attachment":[{"href":"https:\/\/www.ramses.de\/index.php?rest_route=%2Fwp%2Fv2%2Fmedia&parent=2470"}],"curies":[{"name":"wp","href":"https:\/\/api.w.org\/{rel}","templated":true}]}}