{"id":2580,"date":"2014-08-27T14:48:17","date_gmt":"2014-08-27T12:48:17","guid":{"rendered":"http:\/\/www.ramses.de\/?page_id=2580"},"modified":"2014-08-27T14:48:17","modified_gmt":"2014-08-27T12:48:17","slug":"export-verpackungen-sehnde-gmbh-getriebeboecke","status":"publish","type":"page","link":"https:\/\/www.ramses.de\/?page_id=2580","title":{"rendered":"Export Verpackungen Sehnde GmbH &#8211; Getriebeb\u00f6cke"},"content":{"rendered":"<h1>Getriebeb\u00f6cke<\/h1>\n<p>Die Export Verpackung Sehnde erstellt f\u00fcr einen seiner Kunden so genannte Getriebeb\u00f6cke.<br \/>\nAuf diese &#8222;Holzb\u00f6cke&#8220; werden vor Ort beim Kunden die Getriebe f\u00fcr den Transport gelagert.<\/p>\n<p>In dieser Datenbank wird der Fertigungsprozess der Getriebeb\u00f6cke verwaltet<\/p>\n<ul>\n<li>Lade- und Lieferlisten<\/li>\n<li>Getriebeverwaltung<\/li>\n<li>Zeichnungsverwaltung<\/li>\n<li>Zuweisung und Verwaltung von Stati<\/li>\n<li>Exporte<\/li>\n<li>Auswertungen<\/li>\n<\/ul>\n<p>Haben Sie auch &#8222;Bock&#8220;? Dann wenden Sie sich an uns, wir helfen Ihnen mit einer individuellen Datenbank.<\/p>\n<p><a href=\"https:\/\/www.ramses.de\/wp-content\/uploads\/Getriebe01.jpg\"><img loading=\"lazy\" decoding=\"async\" class=\"alignnone size-medium wp-image-2581\" src=\"https:\/\/www.ramses.de\/wp-content\/uploads\/Getriebe01-300x188.jpg\" alt=\"Getriebe01\" width=\"300\" height=\"188\" srcset=\"https:\/\/www.ramses.de\/wp-content\/uploads\/Getriebe01-300x188.jpg 300w, https:\/\/www.ramses.de\/wp-content\/uploads\/Getriebe01-1024x642.jpg 1024w, https:\/\/www.ramses.de\/wp-content\/uploads\/Getriebe01.jpg 1559w\" sizes=\"auto, (max-width: 300px) 100vw, 300px\" \/><\/a><\/p>\n<p><a href=\"https:\/\/www.ramses.de\/wp-content\/uploads\/Getriebe02.jpg\"><img loading=\"lazy\" decoding=\"async\" class=\"alignnone size-medium wp-image-2582\" src=\"https:\/\/www.ramses.de\/wp-content\/uploads\/Getriebe02-300x188.jpg\" alt=\"Getriebe02\" width=\"300\" height=\"188\" srcset=\"https:\/\/www.ramses.de\/wp-content\/uploads\/Getriebe02-300x188.jpg 300w, https:\/\/www.ramses.de\/wp-content\/uploads\/Getriebe02-1024x642.jpg 1024w, https:\/\/www.ramses.de\/wp-content\/uploads\/Getriebe02.jpg 1235w\" sizes=\"auto, (max-width: 300px) 100vw, 300px\" \/><\/a><\/p>\n<p><a href=\"https:\/\/www.ramses.de\/wp-content\/uploads\/Getriebe03.jpg\"><img loading=\"lazy\" decoding=\"async\" class=\"alignnone size-medium wp-image-2583\" src=\"https:\/\/www.ramses.de\/wp-content\/uploads\/Getriebe03-300x229.jpg\" alt=\"Getriebe03\" width=\"300\" height=\"229\" srcset=\"https:\/\/www.ramses.de\/wp-content\/uploads\/Getriebe03-300x229.jpg 300w, https:\/\/www.ramses.de\/wp-content\/uploads\/Getriebe03-1024x783.jpg 1024w, https:\/\/www.ramses.de\/wp-content\/uploads\/Getriebe03.jpg 1213w\" sizes=\"auto, (max-width: 300px) 100vw, 300px\" \/><\/a><\/p>\n<p>&nbsp;<\/p>\n<p>&nbsp;<\/p>\n<p>&nbsp;<\/p>\n<p>&nbsp;<\/p>\n<p>&nbsp;<\/p>\n<p>&nbsp;<\/p>\n<p>&nbsp;<\/p>\n","protected":false},"excerpt":{"rendered":"<p>Getriebeb\u00f6cke Die Export Verpackung Sehnde erstellt f\u00fcr einen seiner Kunden so genannte Getriebeb\u00f6cke. Auf diese &#8222;Holzb\u00f6cke&#8220; werden vor Ort beim Kunden die Getriebe f\u00fcr den &#8230; <a title=\"Export Verpackungen Sehnde GmbH &#8211; Getriebeb\u00f6cke\" class=\"read-more\" href=\"https:\/\/www.ramses.de\/?page_id=2580\" aria-label=\"Mehr Informationen \u00fcber Export Verpackungen Sehnde GmbH &#8211; Getriebeb\u00f6cke\">Weiterlesen &#8230;<\/a><\/p>\n","protected":false},"author":1,"featured_media":2581,"parent":1326,"menu_order":0,"comment_status":"closed","ping_status":"closed","template":"template-full-width.php","meta":{"footnotes":""},"class_list":{"0":"post-2580","1":"page","2":"type-page","3":"status-publish","4":"has-post-thumbnail","6":"resize-featured-image"},"_links":{"self":[{"href":"https:\/\/www.ramses.de\/index.php?rest_route=\/wp\/v2\/pages\/2580","targetHints":{"allow":["GET"]}}],"collection":[{"href":"https:\/\/www.ramses.de\/index.php?rest_route=\/wp\/v2\/pages"}],"about":[{"href":"https:\/\/www.ramses.de\/index.php?rest_route=\/wp\/v2\/types\/page"}],"author":[{"embeddable":true,"href":"https:\/\/www.ramses.de\/index.php?rest_route=\/wp\/v2\/users\/1"}],"replies":[{"embeddable":true,"href":"https:\/\/www.ramses.de\/index.php?rest_route=%2Fwp%2Fv2%2Fcomments&post=2580"}],"version-history":[{"count":1,"href":"https:\/\/www.ramses.de\/index.php?rest_route=\/wp\/v2\/pages\/2580\/revisions"}],"predecessor-version":[{"id":2584,"href":"https:\/\/www.ramses.de\/index.php?rest_route=\/wp\/v2\/pages\/2580\/revisions\/2584"}],"up":[{"embeddable":true,"href":"https:\/\/www.ramses.de\/index.php?rest_route=\/wp\/v2\/pages\/1326"}],"wp:featuredmedia":[{"embeddable":true,"href":"https:\/\/www.ramses.de\/index.php?rest_route=\/wp\/v2\/media\/2581"}],"wp:attachment":[{"href":"https:\/\/www.ramses.de\/index.php?rest_route=%2Fwp%2Fv2%2Fmedia&parent=2580"}],"curies":[{"name":"wp","href":"https:\/\/api.w.org\/{rel}","templated":true}]}}