{"id":5840,"date":"2022-07-11T14:10:45","date_gmt":"2022-07-11T12:10:45","guid":{"rendered":"http:\/\/www.ramses.de\/?page_id=5840"},"modified":"2022-07-11T15:00:48","modified_gmt":"2022-07-11T13:00:48","slug":"referenzen-b-i-f-gmbh-2-2","status":"publish","type":"page","link":"https:\/\/www.ramses.de\/?page_id=5840","title":{"rendered":"Wilhelm Schulz GmbH &#8211; Spezialgl\u00fchbetrieb"},"content":{"rendered":"<h2>Spezialgl\u00fchbetrieb<\/h2>\n<p>Als Teil der international t\u00e4tigen PCC Energy Group ist die Wilhelm Schulz GmbH ein weltweit operierendes Unternehmen mit Spezialisierung auf Rohrzubeh\u00f6r in Edelstahl und h\u00f6her legierten Werkstoffen. An dem Hauptsitz mit Werken am Standort in Krefeld werden nahtlose und geschwei\u00dfte Rohrzubeh\u00f6rteile produziert Die \u00d6l- &amp; Gas-Industrie, Chemie &amp; Petrochemie, Wasseraufbereitung &amp; Entsalzungsanlagen sowie der Schiffsbau werden beliefert. Im Spezialgl\u00fchbetrieb des Unternehmens werden verschiedene W\u00e4rmebehandlungen durchgef\u00fchrt. Das Unternehmen besch\u00e4ftigt an den zwei Standorten in Krefeld ca. 200 Mitarbeiter. Auf der ca. 35000 m\u00b2 gro\u00dfen Betriebsfl\u00e4che befinden sich eigenen Produktionshallen mit einer Fl\u00e4che von 20.000 m\u00b2.<\/p>\n<h3>Das Projekt<\/h3>\n<ul>\n<li><a href=\"https:\/\/www.ramses.de\/?page_id=5843\">Gl\u00fchdatenverwaltung<\/a><\/li>\n<\/ul>\n<p>Auch Sie ben\u00f6tigen Unterst\u00fczung, dann senden Sie uns eine Mail und wir setzen uns zusammen<\/p>\n","protected":false},"excerpt":{"rendered":"<p>Spezialgl\u00fchbetrieb Als Teil der international t\u00e4tigen PCC Energy Group ist die Wilhelm Schulz GmbH ein weltweit operierendes Unternehmen mit Spezialisierung auf Rohrzubeh\u00f6r in Edelstahl und &#8230; <a title=\"Wilhelm Schulz GmbH &#8211; Spezialgl\u00fchbetrieb\" class=\"read-more\" href=\"https:\/\/www.ramses.de\/?page_id=5840\" aria-label=\"Mehr Informationen \u00fcber Wilhelm Schulz GmbH &#8211; Spezialgl\u00fchbetrieb\">Weiterlesen &#8230;<\/a><\/p>\n","protected":false},"author":1,"featured_media":0,"parent":745,"menu_order":0,"comment_status":"closed","ping_status":"closed","template":"template-full-width.php","meta":{"footnotes":""},"class_list":["post-5840","page","type-page","status-publish"],"_links":{"self":[{"href":"https:\/\/www.ramses.de\/index.php?rest_route=\/wp\/v2\/pages\/5840","targetHints":{"allow":["GET"]}}],"collection":[{"href":"https:\/\/www.ramses.de\/index.php?rest_route=\/wp\/v2\/pages"}],"about":[{"href":"https:\/\/www.ramses.de\/index.php?rest_route=\/wp\/v2\/types\/page"}],"author":[{"embeddable":true,"href":"https:\/\/www.ramses.de\/index.php?rest_route=\/wp\/v2\/users\/1"}],"replies":[{"embeddable":true,"href":"https:\/\/www.ramses.de\/index.php?rest_route=%2Fwp%2Fv2%2Fcomments&post=5840"}],"version-history":[{"count":2,"href":"https:\/\/www.ramses.de\/index.php?rest_route=\/wp\/v2\/pages\/5840\/revisions"}],"predecessor-version":[{"id":5847,"href":"https:\/\/www.ramses.de\/index.php?rest_route=\/wp\/v2\/pages\/5840\/revisions\/5847"}],"up":[{"embeddable":true,"href":"https:\/\/www.ramses.de\/index.php?rest_route=\/wp\/v2\/pages\/745"}],"wp:attachment":[{"href":"https:\/\/www.ramses.de\/index.php?rest_route=%2Fwp%2Fv2%2Fmedia&parent=5840"}],"curies":[{"name":"wp","href":"https:\/\/api.w.org\/{rel}","templated":true}]}}