{"id":5843,"date":"2022-07-11T14:59:29","date_gmt":"2022-07-11T12:59:29","guid":{"rendered":"http:\/\/www.ramses.de\/?page_id=5843"},"modified":"2022-07-11T14:59:48","modified_gmt":"2022-07-11T12:59:48","slug":"rolf-ronschke-gmbh-kks-datenbank-2-2","status":"publish","type":"page","link":"https:\/\/www.ramses.de\/?page_id=5843","title":{"rendered":"Wilhelm Schulz GmbH- Gl\u00fchdatenverwaltung SGP"},"content":{"rendered":"<h1>Wilhelm Schulz GmbH<\/h1>\n<h3>Gl\u00fchdatenverwaltung &#8211; SGP<\/h3>\n<p>Im Spezialgl\u00fchbetrieb des Unternehmens werden verschiedene W\u00e4rmebehandlungen durchgef\u00fchrt.<br \/>\nUnsere Datenbank begleitet diese Dienstleistung vom Angebot \u00fcber die Auftragserstellung bis hin zur Abwicklung des Gl\u00fchvorgangs.<\/p>\n<ul>\n<li>Kundenverwaltung\n<ul>\n<li>Kunden<\/li>\n<li>Ansprechpartner<\/li>\n<li>Kommunikationswege<\/li>\n<li>Zahlungsbedingungen<\/li>\n<li>Liefer- und Zahlungsbedingungen<\/li>\n<\/ul>\n<\/li>\n<li>Auftragsabwicklung\n<ul>\n<li>Angebote<\/li>\n<li>Auftr\u00e4ge<\/li>\n<li>Rechnungen<\/li>\n<\/ul>\n<\/li>\n<li>Gl\u00fchung\n<ul>\n<li>Gl\u00fchprotokolle<\/li>\n<li>Ofenverwaltung<\/li>\n<li>Zeugnisse<\/li>\n<\/ul>\n<\/li>\n<li>Artikelstamm\n<ul>\n<li>Preisstaffeln<\/li>\n<li>Artikel<\/li>\n<\/ul>\n<\/li>\n<li>Wiedervorlagen<\/li>\n<li>Auswertungen und Statistiken<\/li>\n<\/ul>\n<p><a href=\"https:\/\/www.ramses.de\/wp-content\/uploads\/SGP.jpg\"><img loading=\"lazy\" decoding=\"async\" class=\"alignnone size-large wp-image-5844\" src=\"https:\/\/www.ramses.de\/wp-content\/uploads\/SGP-1024x564.jpg\" alt=\"\" width=\"900\" height=\"496\" srcset=\"https:\/\/www.ramses.de\/wp-content\/uploads\/SGP-1024x564.jpg 1024w, https:\/\/www.ramses.de\/wp-content\/uploads\/SGP-300x165.jpg 300w, https:\/\/www.ramses.de\/wp-content\/uploads\/SGP-768x423.jpg 768w, https:\/\/www.ramses.de\/wp-content\/uploads\/SGP-1536x846.jpg 1536w, https:\/\/www.ramses.de\/wp-content\/uploads\/SGP-2048x1128.jpg 2048w\" sizes=\"auto, (max-width: 900px) 100vw, 900px\" \/><\/a><\/p>\n<p>&nbsp;<\/p>\n<p>&nbsp;<\/p>\n<p>&nbsp;<\/p>\n<p>&nbsp;<\/p>\n<p>&nbsp;<\/p>\n<p>&nbsp;<\/p>\n<p>&nbsp;<\/p>\n<p>&nbsp;<\/p>\n<p>&nbsp;<\/p>\n<p>&nbsp;<\/p>\n<p>&nbsp;<\/p>\n","protected":false},"excerpt":{"rendered":"<p>Wilhelm Schulz GmbH Gl\u00fchdatenverwaltung &#8211; SGP Im Spezialgl\u00fchbetrieb des Unternehmens werden verschiedene W\u00e4rmebehandlungen durchgef\u00fchrt. Unsere Datenbank begleitet diese Dienstleistung vom Angebot \u00fcber die Auftragserstellung bis &#8230; <a title=\"Wilhelm Schulz GmbH- Gl\u00fchdatenverwaltung SGP\" class=\"read-more\" href=\"https:\/\/www.ramses.de\/?page_id=5843\" aria-label=\"Mehr Informationen \u00fcber Wilhelm Schulz GmbH- Gl\u00fchdatenverwaltung SGP\">Weiterlesen &#8230;<\/a><\/p>\n","protected":false},"author":1,"featured_media":5844,"parent":2373,"menu_order":0,"comment_status":"closed","ping_status":"closed","template":"template-full-width.php","meta":{"footnotes":""},"class_list":{"0":"post-5843","1":"page","2":"type-page","3":"status-publish","4":"has-post-thumbnail","6":"resize-featured-image"},"_links":{"self":[{"href":"https:\/\/www.ramses.de\/index.php?rest_route=\/wp\/v2\/pages\/5843","targetHints":{"allow":["GET"]}}],"collection":[{"href":"https:\/\/www.ramses.de\/index.php?rest_route=\/wp\/v2\/pages"}],"about":[{"href":"https:\/\/www.ramses.de\/index.php?rest_route=\/wp\/v2\/types\/page"}],"author":[{"embeddable":true,"href":"https:\/\/www.ramses.de\/index.php?rest_route=\/wp\/v2\/users\/1"}],"replies":[{"embeddable":true,"href":"https:\/\/www.ramses.de\/index.php?rest_route=%2Fwp%2Fv2%2Fcomments&post=5843"}],"version-history":[{"count":2,"href":"https:\/\/www.ramses.de\/index.php?rest_route=\/wp\/v2\/pages\/5843\/revisions"}],"predecessor-version":[{"id":5846,"href":"https:\/\/www.ramses.de\/index.php?rest_route=\/wp\/v2\/pages\/5843\/revisions\/5846"}],"up":[{"embeddable":true,"href":"https:\/\/www.ramses.de\/index.php?rest_route=\/wp\/v2\/pages\/2373"}],"wp:featuredmedia":[{"embeddable":true,"href":"https:\/\/www.ramses.de\/index.php?rest_route=\/wp\/v2\/media\/5844"}],"wp:attachment":[{"href":"https:\/\/www.ramses.de\/index.php?rest_route=%2Fwp%2Fv2%2Fmedia&parent=5843"}],"curies":[{"name":"wp","href":"https:\/\/api.w.org\/{rel}","templated":true}]}}