{"id":5933,"date":"2022-12-30T08:16:19","date_gmt":"2022-12-30T06:16:19","guid":{"rendered":"http:\/\/www.ramses.de\/?page_id=5933"},"modified":"2022-12-30T08:17:38","modified_gmt":"2022-12-30T06:17:38","slug":"rolf-ronschke-gmbh-kks-datenbank-3","status":"publish","type":"page","link":"https:\/\/www.ramses.de\/?page_id=5933","title":{"rendered":"Fundsback &#8211; Rentenanspr\u00fcche"},"content":{"rendered":"<h1>Fundsback<\/h1>\n<h3>Rentenanspr\u00fcche<\/h3>\n<p>Diese Datenbank berechnet die Anspr\u00fcche an die Rentenversicherung.<\/p>\n<h3>Inhalte<\/h3>\n<ul>\n<li>Adressverwaltung<\/li>\n<li>Berechnung der Anspr\u00fcche<\/li>\n<li>Automatisiertes Mailing System<\/li>\n<li>Auswertung und Berichte<\/li>\n<\/ul>\n<p><a href=\"https:\/\/www.ramses.de\/wp-content\/uploads\/FundsbackDB.jpg\"><img loading=\"lazy\" decoding=\"async\" class=\"alignnone size-large wp-image-5934\" src=\"https:\/\/www.ramses.de\/wp-content\/uploads\/FundsbackDB-1024x554.jpg\" alt=\"\" width=\"900\" height=\"487\" srcset=\"https:\/\/www.ramses.de\/wp-content\/uploads\/FundsbackDB-1024x554.jpg 1024w, https:\/\/www.ramses.de\/wp-content\/uploads\/FundsbackDB-300x162.jpg 300w, https:\/\/www.ramses.de\/wp-content\/uploads\/FundsbackDB-768x415.jpg 768w, https:\/\/www.ramses.de\/wp-content\/uploads\/FundsbackDB-1536x830.jpg 1536w, https:\/\/www.ramses.de\/wp-content\/uploads\/FundsbackDB-2048x1107.jpg 2048w\" sizes=\"auto, (max-width: 900px) 100vw, 900px\" \/><\/a><\/p>\n","protected":false},"excerpt":{"rendered":"<p>Fundsback Rentenanspr\u00fcche Diese Datenbank berechnet die Anspr\u00fcche an die Rentenversicherung. Inhalte Adressverwaltung Berechnung der Anspr\u00fcche Automatisiertes Mailing System Auswertung und Berichte<\/p>\n","protected":false},"author":1,"featured_media":5934,"parent":5929,"menu_order":0,"comment_status":"closed","ping_status":"closed","template":"template-full-width.php","meta":{"footnotes":""},"class_list":{"0":"post-5933","1":"page","2":"type-page","3":"status-publish","4":"has-post-thumbnail","6":"resize-featured-image"},"_links":{"self":[{"href":"https:\/\/www.ramses.de\/index.php?rest_route=\/wp\/v2\/pages\/5933","targetHints":{"allow":["GET"]}}],"collection":[{"href":"https:\/\/www.ramses.de\/index.php?rest_route=\/wp\/v2\/pages"}],"about":[{"href":"https:\/\/www.ramses.de\/index.php?rest_route=\/wp\/v2\/types\/page"}],"author":[{"embeddable":true,"href":"https:\/\/www.ramses.de\/index.php?rest_route=\/wp\/v2\/users\/1"}],"replies":[{"embeddable":true,"href":"https:\/\/www.ramses.de\/index.php?rest_route=%2Fwp%2Fv2%2Fcomments&post=5933"}],"version-history":[{"count":1,"href":"https:\/\/www.ramses.de\/index.php?rest_route=\/wp\/v2\/pages\/5933\/revisions"}],"predecessor-version":[{"id":5935,"href":"https:\/\/www.ramses.de\/index.php?rest_route=\/wp\/v2\/pages\/5933\/revisions\/5935"}],"up":[{"embeddable":true,"href":"https:\/\/www.ramses.de\/index.php?rest_route=\/wp\/v2\/pages\/5929"}],"wp:featuredmedia":[{"embeddable":true,"href":"https:\/\/www.ramses.de\/index.php?rest_route=\/wp\/v2\/media\/5934"}],"wp:attachment":[{"href":"https:\/\/www.ramses.de\/index.php?rest_route=%2Fwp%2Fv2%2Fmedia&parent=5933"}],"curies":[{"name":"wp","href":"https:\/\/api.w.org\/{rel}","templated":true}]}}