{"id":717,"date":"2013-07-24T14:33:12","date_gmt":"2013-07-24T12:33:12","guid":{"rendered":"http:\/\/www.ramses.de\/?page_id=717"},"modified":"2014-03-07T10:01:42","modified_gmt":"2014-03-07T08:01:42","slug":"referenzen","status":"publish","type":"page","link":"https:\/\/www.ramses.de\/?page_id=717","title":{"rendered":"Referenzen"},"content":{"rendered":"<h1>Unsere Referenzen<\/h1>\n<p>Langj\u00e4hrige Zusammenarbeit ist unser Ziel. Wir sehen uns als strategischer Partner f\u00fcr Ihre t\u00e4gliche Arbeit.<strong><br \/>\n<\/strong><\/p>\n<p>In der Zusammenbeit mit unseren Kunden investieren wir viel Zeit in die Analyse des Untenehmens.<\/p>\n<p>Nur wenn wir die Strukturen und Abl\u00e4ufe kennen, sind wir in der Lage ma\u00dfgeschneiderte L\u00f6sungen zu entwickeln.<\/p>\n<p>Die Folge dieses intensiven Studiums ist es, das wir in der Regel lange Jahre mit dem Kunden zusammenarbeiten und mehrere L\u00f6sungen anbieten d\u00fcrfen.<\/p>\n<p>Werden auch Sie Teil unseres Netzwerkes.<\/p>\n<ul>\n<li><a title=\"Referenzen \u2013 Schulungen\" href=\"https:\/\/www.ramses.de\/?page_id=720\">Schulung &amp; Beratung<\/a><\/li>\n<li><a title=\"Referenzen \u2013 Datenbanken\" href=\"https:\/\/www.ramses.de\/?page_id=740\">Datenbankentwicklung<\/a><\/li>\n<\/ul>\n","protected":false},"excerpt":{"rendered":"<p>Unsere Referenzen Langj\u00e4hrige Zusammenarbeit ist unser Ziel. Wir sehen uns als strategischer Partner f\u00fcr Ihre t\u00e4gliche Arbeit. In der Zusammenbeit mit unseren Kunden investieren wir &#8230; <a title=\"Referenzen\" class=\"read-more\" href=\"https:\/\/www.ramses.de\/?page_id=717\" aria-label=\"Mehr Informationen \u00fcber Referenzen\">Weiterlesen &#8230;<\/a><\/p>\n","protected":false},"author":1,"featured_media":0,"parent":0,"menu_order":0,"comment_status":"closed","ping_status":"closed","template":"template-full-width.php","meta":{"footnotes":""},"class_list":["post-717","page","type-page","status-publish"],"_links":{"self":[{"href":"https:\/\/www.ramses.de\/index.php?rest_route=\/wp\/v2\/pages\/717","targetHints":{"allow":["GET"]}}],"collection":[{"href":"https:\/\/www.ramses.de\/index.php?rest_route=\/wp\/v2\/pages"}],"about":[{"href":"https:\/\/www.ramses.de\/index.php?rest_route=\/wp\/v2\/types\/page"}],"author":[{"embeddable":true,"href":"https:\/\/www.ramses.de\/index.php?rest_route=\/wp\/v2\/users\/1"}],"replies":[{"embeddable":true,"href":"https:\/\/www.ramses.de\/index.php?rest_route=%2Fwp%2Fv2%2Fcomments&post=717"}],"version-history":[{"count":6,"href":"https:\/\/www.ramses.de\/index.php?rest_route=\/wp\/v2\/pages\/717\/revisions"}],"predecessor-version":[{"id":2354,"href":"https:\/\/www.ramses.de\/index.php?rest_route=\/wp\/v2\/pages\/717\/revisions\/2354"}],"wp:attachment":[{"href":"https:\/\/www.ramses.de\/index.php?rest_route=%2Fwp%2Fv2%2Fmedia&parent=717"}],"curies":[{"name":"wp","href":"https:\/\/api.w.org\/{rel}","templated":true}]}}