{"id":758,"date":"2013-07-24T17:07:20","date_gmt":"2013-07-24T15:07:20","guid":{"rendered":"http:\/\/www.ramses.de\/?page_id=758"},"modified":"2015-03-08T12:03:54","modified_gmt":"2015-03-08T10:03:54","slug":"feuerwehr-hannover-objektdatenbank","status":"publish","type":"page","link":"https:\/\/www.ramses.de\/?page_id=758","title":{"rendered":"BOS &#8211; Feuerwehr Hannover &#8211; Objektdatenbank"},"content":{"rendered":"<div>\n<h1>Die Objekt Datenbank<\/h1>\n<\/div>\n<div>Die Berufsfeuerwehr Hannover nutz unsere Planungssoftware f\u00fcr die Regionsleitstelle der Region Hannover.Zur optimalen Durchf\u00fchrung der Eins\u00e4tze sind erstklassig ausgebildete Mitarbeiter \/ Innen und professionelles Equipment n\u00f6tig. Unterst\u00fctzend greift hier nun die Objektverwaltung aus unserem Hause ein. In dem Datenbanksystem sind alle Objekte in der Region Hannover gespeichert, die f\u00fcr die Feuerwehr relevant sind. F\u00fcr diese mehr als 1.000 Objekte werden vielf\u00e4ltige Informationen \u00fcber die Melder, Strahler, Schl\u00fcsselk\u00e4sten, Hydranten sowie detaillierte Informationen aus dem Bereich des vorbeugenden Brandschutzes gespeichert.<\/p>\n<ul>\n<li>Objektverwaltung<\/li>\n<li>Strahlerinformationen, ABC<\/li>\n<li>Melder, Meldergeb\u00fchren und Melderrechnungen<\/li>\n<li>Vorbeugender Brandschutz<\/li>\n<li>Ansprechpartner und nachts erreichbare Personen<\/li>\n<li>Alarm- und Ausr\u00fcckeordnung<\/li>\n<li>Ger\u00e4teverwaltung, DME, FMS etc.<\/li>\n<li>Einsatzmittel und Einsatzpersonen<\/li>\n<li>Statistiken und Auswertungen der Daten<\/li>\n<\/ul>\n<p>Neben dieser Objektverwaltung wird auch die Alarm- und Ausr\u00fcckeordnung der Berufsfeuerwehr Hannover verwaltet. Bei welcher Art des Einsatzes r\u00fccken an welcher Stelle des Stadtgebietes welcher Ressourcen aus, dies sind die Fragen, die hier behandelt werden. An jedes der Einsatzstichworte werden die Ressourcen geh\u00e4ngt, die im Rahmen des Einsatzes genutzt werden. \u00dcber Ma\u00dfnahmen werden die Aktivit\u00e4ten geb\u00fcndelt. Neben der Festlegung der Fahrzeuge werden auch die DME&#8217;s (Pager) verwaltet, die im alarmiert werden.<br \/>\nIm Paket mit der Externen Datenversorgung und der Brand und Hilfeleistungsdatenbank sorgt die Objektverwaltung f\u00fcr eine optimale Unterst\u00fctzung der Einsatzkr\u00e4fte der Feuerwehr Hannover. Auch hier ein hervorragendes Beispiel f\u00fcr unterst\u00fctzenden M\u00f6glichkeiten einer Datenbank Entwicklung.<\/p>\n<p><a href=\"https:\/\/www.ramses.de\/wp-content\/uploads\/Objekt1.jpg\"><img loading=\"lazy\" decoding=\"async\" class=\"alignnone size-medium wp-image-1776\" src=\"https:\/\/www.ramses.de\/wp-content\/uploads\/Objekt1-300x185.jpg\" alt=\"Objekt1\" width=\"300\" height=\"185\" srcset=\"https:\/\/www.ramses.de\/wp-content\/uploads\/Objekt1-300x185.jpg 300w, https:\/\/www.ramses.de\/wp-content\/uploads\/Objekt1-1024x632.jpg 1024w, https:\/\/www.ramses.de\/wp-content\/uploads\/Objekt1.jpg 1431w\" sizes=\"auto, (max-width: 300px) 100vw, 300px\" \/><\/a><\/p>\n<p><a href=\"https:\/\/www.ramses.de\/wp-content\/uploads\/Objekt2.jpg\"><img loading=\"lazy\" decoding=\"async\" class=\"alignnone size-medium wp-image-1777\" src=\"https:\/\/www.ramses.de\/wp-content\/uploads\/Objekt2-300x204.jpg\" alt=\"Objekt2\" width=\"300\" height=\"204\" srcset=\"https:\/\/www.ramses.de\/wp-content\/uploads\/Objekt2-300x204.jpg 300w, https:\/\/www.ramses.de\/wp-content\/uploads\/Objekt2-1024x698.jpg 1024w, https:\/\/www.ramses.de\/wp-content\/uploads\/Objekt2.jpg 1430w\" sizes=\"auto, (max-width: 300px) 100vw, 300px\" \/><\/a><\/p>\n<p><a href=\"https:\/\/www.ramses.de\/wp-content\/uploads\/Objekt3.jpg\"><img loading=\"lazy\" decoding=\"async\" class=\"alignnone size-medium wp-image-1778\" src=\"https:\/\/www.ramses.de\/wp-content\/uploads\/Objekt3-300x205.jpg\" alt=\"Objekt3\" width=\"300\" height=\"205\" srcset=\"https:\/\/www.ramses.de\/wp-content\/uploads\/Objekt3-300x205.jpg 300w, https:\/\/www.ramses.de\/wp-content\/uploads\/Objekt3-1024x702.jpg 1024w, https:\/\/www.ramses.de\/wp-content\/uploads\/Objekt3.jpg 1425w\" sizes=\"auto, (max-width: 300px) 100vw, 300px\" \/><\/a><\/p>\n<p><a href=\"https:\/\/www.ramses.de\/wp-content\/uploads\/Objekt4.jpg\"><img loading=\"lazy\" decoding=\"async\" class=\"alignnone size-medium wp-image-1779\" src=\"https:\/\/www.ramses.de\/wp-content\/uploads\/Objekt4-300x206.jpg\" alt=\"Objekt4\" width=\"300\" height=\"206\" srcset=\"https:\/\/www.ramses.de\/wp-content\/uploads\/Objekt4-300x206.jpg 300w, https:\/\/www.ramses.de\/wp-content\/uploads\/Objekt4-1024x706.jpg 1024w, https:\/\/www.ramses.de\/wp-content\/uploads\/Objekt4.jpg 1424w\" sizes=\"auto, (max-width: 300px) 100vw, 300px\" \/><\/a><\/p>\n<p>&nbsp;<\/p>\n<\/div>\n","protected":false},"excerpt":{"rendered":"<p>Die Objekt Datenbank Die Berufsfeuerwehr Hannover nutz unsere Planungssoftware f\u00fcr die Regionsleitstelle der Region Hannover.Zur optimalen Durchf\u00fchrung der Eins\u00e4tze sind erstklassig ausgebildete Mitarbeiter \/ Innen &#8230; <a title=\"BOS &#8211; Feuerwehr Hannover &#8211; Objektdatenbank\" class=\"read-more\" href=\"https:\/\/www.ramses.de\/?page_id=758\" aria-label=\"Mehr Informationen \u00fcber BOS &#8211; Feuerwehr Hannover &#8211; Objektdatenbank\">Weiterlesen &#8230;<\/a><\/p>\n","protected":false},"author":1,"featured_media":1776,"parent":736,"menu_order":0,"comment_status":"closed","ping_status":"closed","template":"template-full-width.php","meta":{"footnotes":""},"class_list":{"0":"post-758","1":"page","2":"type-page","3":"status-publish","4":"has-post-thumbnail","6":"resize-featured-image"},"_links":{"self":[{"href":"https:\/\/www.ramses.de\/index.php?rest_route=\/wp\/v2\/pages\/758","targetHints":{"allow":["GET"]}}],"collection":[{"href":"https:\/\/www.ramses.de\/index.php?rest_route=\/wp\/v2\/pages"}],"about":[{"href":"https:\/\/www.ramses.de\/index.php?rest_route=\/wp\/v2\/types\/page"}],"author":[{"embeddable":true,"href":"https:\/\/www.ramses.de\/index.php?rest_route=\/wp\/v2\/users\/1"}],"replies":[{"embeddable":true,"href":"https:\/\/www.ramses.de\/index.php?rest_route=%2Fwp%2Fv2%2Fcomments&post=758"}],"version-history":[{"count":9,"href":"https:\/\/www.ramses.de\/index.php?rest_route=\/wp\/v2\/pages\/758\/revisions"}],"predecessor-version":[{"id":3157,"href":"https:\/\/www.ramses.de\/index.php?rest_route=\/wp\/v2\/pages\/758\/revisions\/3157"}],"up":[{"embeddable":true,"href":"https:\/\/www.ramses.de\/index.php?rest_route=\/wp\/v2\/pages\/736"}],"wp:featuredmedia":[{"embeddable":true,"href":"https:\/\/www.ramses.de\/index.php?rest_route=\/wp\/v2\/media\/1776"}],"wp:attachment":[{"href":"https:\/\/www.ramses.de\/index.php?rest_route=%2Fwp%2Fv2%2Fmedia&parent=758"}],"curies":[{"name":"wp","href":"https:\/\/api.w.org\/{rel}","templated":true}]}}