{"id":835,"date":"2013-07-29T13:07:22","date_gmt":"2013-07-29T11:07:22","guid":{"rendered":"http:\/\/www.ramses.de\/?page_id=835"},"modified":"2021-06-24T14:18:09","modified_gmt":"2021-06-24T12:18:09","slug":"faq-powerpoint","status":"publish","type":"page","link":"https:\/\/www.ramses.de\/?page_id=835","title":{"rendered":"FAQ &#8211; Powerpoint"},"content":{"rendered":"<h1>H\u00e4ufig gestellte Fragen<\/h1>\n<p>Alles zum Thema Pr\u00e4sentationen<\/p>\n<h3>Die Themen<\/h3>\n<ul>\n<li><a title=\"Fixierter Folienmaster\" href=\"https:\/\/www.ramses.de\/?p=836\">Fixierter Folienmaster<\/a><\/li>\n<li><a href=\"https:\/\/www.ramses.de\/?p=4247\">Benennung von Objekten<\/a><\/li>\n<li><a href=\"https:\/\/www.ramses.de\/?p=4255\">Textfeld per Message Box f\u00fcllen<\/a><\/li>\n<li><a href=\"https:\/\/www.ramses.de\/?p=5379\">Wie kann der Code von AddIns im Project Explorer anzeigt werden?<\/a><\/li>\n<li><a href=\"https:\/\/www.ramses.de\/?p=5606\">Untertitel f\u00fcr Videos<\/a><\/li>\n<\/ul>\n","protected":false},"excerpt":{"rendered":"<p>H\u00e4ufig gestellte Fragen Alles zum Thema Pr\u00e4sentationen Die Themen Fixierter Folienmaster Benennung von Objekten Textfeld per Message Box f\u00fcllen Wie kann der Code von AddIns &#8230; <a title=\"FAQ &#8211; Powerpoint\" class=\"read-more\" href=\"https:\/\/www.ramses.de\/?page_id=835\" aria-label=\"Mehr Informationen \u00fcber FAQ &#8211; Powerpoint\">Weiterlesen &#8230;<\/a><\/p>\n","protected":false},"author":1,"featured_media":0,"parent":799,"menu_order":0,"comment_status":"closed","ping_status":"closed","template":"template-full-width.php","meta":{"footnotes":""},"class_list":["post-835","page","type-page","status-publish"],"_links":{"self":[{"href":"https:\/\/www.ramses.de\/index.php?rest_route=\/wp\/v2\/pages\/835","targetHints":{"allow":["GET"]}}],"collection":[{"href":"https:\/\/www.ramses.de\/index.php?rest_route=\/wp\/v2\/pages"}],"about":[{"href":"https:\/\/www.ramses.de\/index.php?rest_route=\/wp\/v2\/types\/page"}],"author":[{"embeddable":true,"href":"https:\/\/www.ramses.de\/index.php?rest_route=\/wp\/v2\/users\/1"}],"replies":[{"embeddable":true,"href":"https:\/\/www.ramses.de\/index.php?rest_route=%2Fwp%2Fv2%2Fcomments&post=835"}],"version-history":[{"count":7,"href":"https:\/\/www.ramses.de\/index.php?rest_route=\/wp\/v2\/pages\/835\/revisions"}],"predecessor-version":[{"id":5613,"href":"https:\/\/www.ramses.de\/index.php?rest_route=\/wp\/v2\/pages\/835\/revisions\/5613"}],"up":[{"embeddable":true,"href":"https:\/\/www.ramses.de\/index.php?rest_route=\/wp\/v2\/pages\/799"}],"wp:attachment":[{"href":"https:\/\/www.ramses.de\/index.php?rest_route=%2Fwp%2Fv2%2Fmedia&parent=835"}],"curies":[{"name":"wp","href":"https:\/\/api.w.org\/{rel}","templated":true}]}}